-44b (base 16) in base 11?
-90a
3441 (base 13) to base 2
1110010011000
1714 (base 8) to base 6
4300
111010111110010 (base 2) to base 11
2075a
4b6 (base 12) to base 4
23022
13031 (base 7) to base 15
1052
Convert -113232 (base 5) to base 6.
-31224
41b (base 13) to base 14
380
43114 (base 5) to base 2
101101011101
What is -3ba (base 16) in base 6?
-4230
-1177 (base 11) to base 6
-11040
Convert -538 (base 14) to base 15.
-48a
-13344 (base 5) to base 4
-101023
Convert -11100100111 (base 2) to base 8.
-3447
-300033 (base 6) to base 2
-101101100110101
-18364 (base 13) to base 6
-1000154
-10010011110110 (base 2) to base 8
-22366
Convert 1b23 (base 15) to base 14.
2203
What is -10250 (base 6) in base 2?
-10101110110
1679 (base 14) to base 3
12112011
-10010210100 (base 3) to base 15
-134ac
What is -1101020 (base 4) in base 15?
-1812
Convert 1010001010 (base 2) to base 10.
650
What is -29 (base 11) in base 13?
-25
Convert -375 (base 9) to base 12.
-21b
Convert 220022021 (base 3) to base 16.
4537
What is -6cb (base 16) in base 15?
-7ae
4680 (base 11) to base 13
2a42
What is 6456 (base 7) in base 6?
14343
What is 501 (base 13) in base 12?
5a6
What is 23230 (base 4) in base 12?
524
What is -1011110100111 (base 2) in base 15?
-1bda
What is 567 (base 10) in base 8?
1067
Convert -1b7c (base 14) to base 6.
-35110
What is 11111010001011 (base 2) in base 14?
5b99
Convert -c58a (base 13) to base 2.
-110101010111011
356 (base 9) to base 2
100100110
What is -961 (base 12) in base 16?
-559
378 (base 14) to base 11
581
Convert 20c (base 14) to base 5.
3104
Convert 1156 (base 11) to base 14.
7a1
55330 (base 6) to base 14
2b30
Convert -14a (base 12) to base 11.
-174
What is 17287 (base 11) in base 4?
11323213
Convert -3042 (base 5) to base 4.
-12031
Convert -11 (base 3) to base 14.
-4
Convert -31201 (base 6) to base 15.
-1387
-1f4 (base 16) to base 3
-200112
What is -4253 (base 10) in base 16?
-109d
What is -2b44 (base 13) in base 6?
-45113
776 (base 10) to base 7
2156
What is -2108 (base 11) in base 13?
-1369
Convert -35c2 (base 13) to base 14.
-2aa6
What is -23323 (base 4) in base 9?
-1037
-21110 (base 6) to base 5
-42400
What is 7036 (base 9) in base 8?
12020
Convert 479 (base 11) to base 7.
1443
-107 (base 15) to base 9
-277
Convert 3694 (base 11) to base 10.
4822
-be (base 15) to base 7
-344
Convert -10010332 (base 4) to base 13.
-77aa
What is -19b0 (base 15) in base 13?
-26c1
-a4aa (base 15) to base 4
-20133322
What is 6446 (base 8) in base 10?
3366
What is 1000221 (base 3) in base 10?
754
Convert -210111 (base 3) to base 6.
-2404
-100010111100001 (base 2) to base 11
-12493
Convert 45235 (base 6) to base 16.
18d7
Convert -223 (base 7) to base 4.
-1303
306424 (base 7) to base 4
30313111
-8087 (base 9) to base 11
-4494
What is 211210 (base 3) in base 9?
753
What is -253643 (base 7) in base 16?
-b77d
-326 (base 12) to base 5
-3322
What is 2141 (base 11) in base 5?
42303
Convert 1422 (base 9) to base 12.
755
Convert -86233 (base 9) to base 7.
-325224
What is 320201 (base 4) in base 12?
2115
6 (base 9) to base 13
6
What is -3124 (base 7) in base 9?
-1447
Convert 11a4 (base 16) to base 4.
1012210
What is 101011111110 (base 2) in base 4?
223332
Convert 1045314 (base 6) to base 12.
2683a
Convert -34211 (base 6) to base 4.
-1023133
3 (base 6) to base 13
3
Convert -3063 (base 7) to base 11.
-897
c15 (base 13) to base 10
2046
-5233 (base 12) to base 3
-110022010
-122535 (base 6) to base 3
-120002112
What is -11034 (base 8) in base 4?
-1020130
578 (base 9) to base 13
2a8
14524 (base 7) to base 13
1ab6
-2407 (base 15) to base 6
-55241
Convert 835 (base 16) to base 6.
13421
What is 1a4 (base 16) in base 14?
220
What is 101100000010111 (base 2) in base 3?
1010221020
-1899 (base 10) to base 3
-2121100
Convert 134 (base 11) to base 8.
236
-22965 (base 10) to base 7
-123645
Convert -101000010100011 (base 2) to base 14.
-7747
What is 120211 (base 3) in base 13?
26b
6242 (base 9) to base 11
3489
What is 433a (base 11) in base 2?
1011001100010
What is -202111210 (base 3) in base 2?
-11101001101000
-2984 (base 10) to base 7
-11462
Convert -3085 (base 11) to base 6.
-30530
-a81e (base 15) to base 8
-105373
What is 3091 (base 11) in base 4?
333331
What is 100001100010000 (base 2) in base 16?
4310
-352 (base 7) to base 8
-270
Convert 27678 (base 10) to base 12.
14026
Convert 122000221 (base 3) to base 12.
722a
What is -140214 (base 7) in base 10?
-26520
4abc (base 13) to base 4
2212021
Convert -15a49 (base 15) to base 16.
-110bb
What is 23002 (base 5) in base 10?
1627
Convert 24232 (base 7) to base 15.
1cea
Convert 254336 (base 8) to base 4.
111203132
What is -2022 (base 6) in base 16?
-1be
616 (base 8) to base 3
112202
12123 (base 7) to base 16
c51
Convert 4160 (base 10) to base 6.
31132
Convert 1020012 (base 4) to base 6.
33210
-9c3 (base 15) to base 16
-8a0
Convert 254077 (base 8) to base 2.
10101100000111111
Convert -4b7 (base 13) to base 3.
-1010121
Convert -200000 (base 3) to base 15.
-226
Convert -13513 (base 6) to base 11.
-166a
Convert -d15c (base 14) to base 5.
-2122300
What is -11132 (base 5) in base 6?
-3400
-41 (base 8) to base 4
-201
161b (base 16) to base 9
7677
-5cd (base 16) to base 15
-690
-277 (base 15) to base 2
-1000110010
What is -462 (base 10) in base 14?
-250
8c01 (base 13) to base 6
230433
df (base 16) to base 9
267
Convert 1 (base 8) to base 13.
1
What is -120a (base 11) in base 9?
-2148
1101000 (base 2) to base 9
125
What is -8399 (base 10) in base 7?
-33326
What is -1031 (base 7) in base 2?
-101101101
What is 612 (base 12) in base 11?
729
Convert -ae (base 15) to base 10.
-164
Convert -e49d (base 15) to base 11.
-33318
-4578 (base 12) to base 6
-55432
What is -7b7 (base 13) in base 15?
-5dd
What is -2c (base 13) in base 12?
-32
-58d (base 14) to base 13
-670
Convert 10230 (base 6) to base 8.
2552
Convert -465b (base 12) to base 4.
-1322213
Convert 273 (base 15) to base 2.
1000101110
What is -1011002 (base 4) in base 12?
-2682
Convert 31023210 (base 4) to base 6.
1053540
-26a39 (base 11) to base 7
-220206
What is 25696 (base 11) in base 10?
36768
Convert 100111011111 (base 2) to base 16.
9df
-799 (base 12) to base 4
-101211
Convert 151 (base 6) to base 13.
52
-1061 (base 11) to base 6
-10250
Convert -16215 (base 7) to base 10.
-4569
-483 (base 13) to base 2
-1100001111
b4 (base 12) to base 2
10001000
Convert 42de (base 15) to base 2.
11011101001111
What is 122100011 (base 3) in base 6?
134304
Convert -42400 (base 5) to base 13.
-13b3
Convert 225505 (base 6) to base 5.
1110114
What is 1060 (base 7) in base 16?
181
What is -716 (base 8) in base 2?
-111001110
What is 7332 (base 16) in base 4?
13030302
14c (base 16) to base 6
1312
What is -42041 (base 8) in base 16?
-4421
What is 33222 (base 5) in base 10?
2312
-161503 (base 7) to base 10
-31804
Convert 11011000000111 (base 2) to base 16.
3607
What is -106766 (base 8) in base 10?
-36342
What is 308 (base 12) in base 16?
1b8
What is 3855 (base 14) in base 3?
111112202
Convert 32567 (base 10) to base 14.
bc23
378 (base 9) to base 10
314
235 (base 10) to base 3
22201
612 (base 8) to base 6
1454
Convert 26445 (base 8) to base 9.
16761
Convert 100010202 (base 3) to base 10.
6662
Convert -10001001011100 (base 2) to base 15.
-2916
-256 (base 10) to base 3
-100111
What is -233010 (base 4) in base 15?
-d5c
-230241 (base 6) to base 13
-8b7b
Convert 13559 (base 10) to base 5.
413214
What is -2b1 (base 12) in base 9?
-517
86c6 (base 15) to base 2
110111101111000
Convert 2358 (base 13) to base 3.
20211020
-545 (base 11) to base 12
-466
What is 68 (base 14) in base 9?
112
What is -1000200210 (base 3) in base 6?
-233250
What is 332224 (base 5) in base 12?
6838
What is 697 (base 11) in base 12?
594
Convert 2110022 (base 3) to base 15.
7e5
13103 (base 5) to base 7
2666
-38a5 (base 15) to base 9
-17512
Convert 1d (base 15) to base 4.
130
168b (base 12) to base 4
222023
Convert 2555 (base 6) to base 14.
343
What is -11100 (base 4) in base 13?
-1cb
a74c (base 16) to base 5
2332303
Convert -1415 (base 6) to base 16.
-173
What is -111244 (base 5) in base 2?
-111101101101
Convert -200111222 (base 3) to base 16.
-34bb
Convert 506 (base 11) to base 13.
380
Convert 814b (base 14) to base 11.
15766
Convert -153100 (base 6) to base 7.
-61